{"id":988,"date":"2021-10-04T14:33:13","date_gmt":"2021-10-04T17:33:13","guid":{"rendered":"http:\/\/www.principedeasturiasvaldivia.cl\/Instituto\/?page_id=988"},"modified":"2021-10-04T14:33:13","modified_gmt":"2021-10-04T17:33:13","slug":"reglamento-interno-de-becas","status":"publish","type":"page","link":"https:\/\/www.principedeasturiasvaldivia.cl\/Instituto\/reglamento-interno-de-becas\/","title":{"rendered":"<strong>REGLAMENTO INTERNO DE BECAS<\/strong>"},"content":{"rendered":"\n<p><strong>INSTITUTO PR\u00cdNCIPE DE ASTURIAS VALDIVIA<\/strong><\/p>\n\n\n\n<p><strong>I.- Consideraciones Generales:<\/strong><\/p>\n\n\n\n<p><strong>Art\u00edculo 1\u00ba:<\/strong>&nbsp;<strong>OBJETIVO<\/strong><\/p>\n\n\n\n<p>La fundaci\u00f3n Educacional&nbsp; Pr\u00edncipe de Asturias<strong>,<\/strong>&nbsp;es un establecimiento educacional particular subvencionado con financiamiento compartido. Clasificado como establecimiento educacional emergente por el MINEDUC,&nbsp; suscrito al r\u00e9gimen SEP (Subvenci\u00f3n Escolar Preferencial). El presenta Reglamento de Becas Escolares, tiene por finalidad normar el otorgamiento de Becas Escolares en el Sistema de Financiamiento Compartido, destinadas a las familias en situaci\u00f3n social y econ\u00f3mica deficitaria que tengan dificultades o impedimentos que imposibiliten cancelar la totalidad de la escolaridad vigente del nuestro Establecimiento Educacional.<\/p>\n\n\n\n<p><strong>&nbsp;Art\u00edculo 2\u00ba:<\/strong>&nbsp;<strong>FUNDAMENTACI\u00d3N<\/strong><\/p>\n\n\n\n<p>En conformidada lo dispuesto en el art\u00edculo 24 del D. F. L. N\u00ba 2 de 1996 del Ministerio de Educaci\u00f3n y al art\u00edculo&nbsp; 2 del mismo Decreto con Fuerza de Ley, agregado por&nbsp; la Ley N\u00ba 19.532 \/97, art\u00edculo 58 y lo se\u00f1alado, se establece el siguiente Reglamento Interno de Asignaci\u00f3n de Becas para los alumnos y alumnas del&nbsp; Instituto Pr\u00edncipe de Asturias de Valdivia.<\/p>\n\n\n\n<p><strong>&nbsp;Art\u00edculo 3\u00ba:<\/strong>&nbsp;<strong>DEFINICI\u00d3N Y CARACTER\u00cdSTICAS DE LA BECA ESCOLAR<\/strong><\/p>\n\n\n\n<p>3.1. Se entiende por beca escolar el beneficio consistente en una rebaja sobre el pago de la escolaridad fijada por el establecimiento pactado en cuotas, de acuerdo a las normas que regulan el Sistema de Financiamiento Compartido.<\/p>\n\n\n\n<p>3.2. La beca escolar est\u00e1 destinada a financiar un porcentaje de la colegiatura anual.<\/p>\n\n\n\n<p>3.3. La beca escolar ser\u00e1 asignada previo estudio de cada caso en base a la presentaci\u00f3n de la documentaci\u00f3n dentro de los plazos y fechas estipulados que dure el proceso de postulaci\u00f3n a Beca que establezca el establecimiento.<\/p>\n\n\n\n<p>3.4. La beca escolar se conceder\u00e1 por todo el a\u00f1o acad\u00e9mico y podr\u00e1 renovarse al a\u00f1o siguiente, sobre la base del art\u00edculo N\u00ba 9 del presente Reglamento.<\/p>\n\n\n\n<p>3.5. Podr\u00e1n optar a la Beca Escolar anual, los Padres y\/o Apoderados que acrediten una situaci\u00f3n socioecon\u00f3mica que les impida cumplir con el pago total de la escolaridad de su pupilo que se encuentre estudiando en el establecimiento.<\/p>\n\n\n\n<p>3.6. Las postulaciones y apelaciones se realizar\u00e1n exclusivamente dentro de las fechas establecidas en la Circular de Financiamiento Compartido, entregada en el mes de octubre.<\/p>\n\n\n\n<p>3.7. Dentro del presupuesto anual del establecimiento habr\u00e1 un fondo destinado a las Becas Escolares.<\/p>\n\n\n\n<p><strong>&nbsp;Art\u00edculo 4\u00ba:<\/strong>&nbsp;<strong>CRITERIOS PARA ASIGNAR LAS BECAS ESCOLARES:<\/strong><\/p>\n\n\n\n<p>4.1. El otorgamiento de la Beca Escolar se realizar\u00e1 seg\u00fan los aspectos estipulados en la Ley N\u00ba 19.532\/97, art\u00edculo 58 y D.F.L. N\u00ba 2\/98, art\u00edculo 24. Las exenciones que se conceden, mediante este sistema, se mantendr\u00e1n hasta el t\u00e9rmino del a\u00f1o escolar respectivo.<\/p>\n\n\n\n<p>4.1.1. Nivel socioecon\u00f3mico deficitario.<\/p>\n\n\n\n<p>4.1.2. Promedio anual de notas igual o superior a 5.5<\/p>\n\n\n\n<p>4.1.3 Porcentaje de asistencia igual o superior a un 94% al momento de la postulaci\u00f3n.<\/p>\n\n\n\n<p>4.1.4. Pago de las mensualidades del presente a\u00f1o al d\u00eda.<\/p>\n\n\n\n<p>4.1.5. Tener una conducta de acuerdo al Reglamento de Convivencia Escolar.<\/p>\n\n\n\n<p>4.1.6. Respetar y cumplir el Proyecto Educativo Educacional..<\/p>\n\n\n\n<p>4.1.7. La calificaci\u00f3n de las condiciones socioecon\u00f3micas y la selecci\u00f3n de los beneficiarios ser\u00e1 efectuada por la Comisi\u00f3n de Calificaci\u00f3n y Selecci\u00f3n de Becas.<\/p>\n\n\n\n<p>4.1.8. La Comisi\u00f3n de Becas de Calificaci\u00f3n y Selecci\u00f3n de Becas tendr\u00e1 en cuenta como criterio la siguiente tabla porcentual de rebaja:<\/p>\n\n\n\n<figure class=\"wp-block-table\"><table><tbody><tr><td>Porcentaje de Beca<\/td><td>25%<\/td><td>50%<\/td><td>75%<\/td><td>100%<\/td><\/tr><\/tbody><\/table><\/figure>\n\n\n\n<p><strong>Art\u00edculo 5\u00ba: MODALIDADES DE LAS BECAS ESCOLARES:<\/strong><\/p>\n\n\n\n<p>El Instituto Pr\u00edncipe de Asturias dispone de las siguientes modalidades de Becas Escolares.<\/p>\n\n\n\n<p>5.1.&nbsp;<strong>Beca \u201cSituaci\u00f3n Socioecon\u00f3mico\u201d<\/strong>&nbsp;podr\u00e1 disminuir el pago del a\u00f1o escolar en un valor que puede ir del 25% al 100% dirigido a los alumno\/a a partir de 1 a\u00f1o de pertenencia en el Instituto.&nbsp; Los Padres y\/o Apoderados que soliciten este beneficio, deben justificar su situaci\u00f3n socioecon\u00f3mica deficitaria, en fechas y lugar indicados en la \u201cCircular sobre Financiamiento Compartido\u201d, enviada cada a\u00f1o, antes del 30 de octubre, por la Direcci\u00f3n del Instituto, presentando la siguiente documentaci\u00f3n:<\/p>\n\n\n\n<p>5.1.1 \u201cFicha de Postulaci\u00f3n a Beca Escolar\u201d.<\/p>\n\n\n\n<p>Internamente se proceder\u00e1 a recopilar la siguiente informaci\u00f3n por lo estamentos correspondientes:<\/p>\n\n\n\n<p>&#8211;&nbsp;&nbsp;&nbsp;&nbsp;&nbsp;&nbsp;&nbsp;Informe de personalidad positivo del alumno(a) que se encuentra postulando al beneficio de Beca.<\/p>\n\n\n\n<p>&#8211;&nbsp;&nbsp;&nbsp;&nbsp;&nbsp;&nbsp;&nbsp;Informe del compromiso y responsabilidad del o los apoderados en el acompa\u00f1amiento del proceso educativo de su pupilo(a), en cuanto al porcentaje de asistencia a las citaciones o entrevistas fijadas, asistencia a las reuni\u00f3n de apoderados, participaci\u00f3n en actividades como desayunos, muestra t\u00edpicas, participaci\u00f3n en charlas, reuniones extraordinarias, actividades de conmemoraci\u00f3n, licenciaturas&nbsp; y actos de fin de a\u00f1o.<\/p>\n\n\n\n<p>5.2<strong>&nbsp; Becas Hijos\/as del Personal:<\/strong>&nbsp;Corresponde a una rebaja de la cuota mensual, entre 25% y 100%.<\/p>\n\n\n\n<p><strong>Requisitos comunes: (1)<\/strong>&nbsp;Mantener contrato vigente con la Fundaci\u00f3n Educacional;<strong>&nbsp;(2)<\/strong>&nbsp;Informe de Personalidad del alumno(a),&nbsp; Bueno;&nbsp;<strong>(3)<\/strong>Responsabilidad del Apoderado, Buena;&nbsp;&nbsp;<strong>(4)<\/strong>&nbsp;Asistencia no inferior del alumno al 95%;&nbsp;&nbsp;<strong>(5)<\/strong>&nbsp;Mantenerse al d\u00eda en la cancelaci\u00f3n de la mensualidad.<\/p>\n\n\n\n<p>5.3&nbsp;<strong>Becas Deportivas y\/o Culturales\u201d<\/strong>, se otorgan a los alumnos(as) que hayan demostrado un desarrollo \u00f3ptimo en algunas de las disciplinas asociadas y a la participaci\u00f3n en Concursos y Campeonatos en representaci\u00f3n del establecimiento que les signific\u00f3 un reconocimiento y obtenci\u00f3n de alg\u00fan logro importante dentro del a\u00f1o escolar en curso. Para ello se deber\u00e1 adjuntar la siguiente informaci\u00f3n a la ficha de postulaci\u00f3n:<\/p>\n\n\n\n<p>Toda modalidad de Beca ya sea Parcial o Total no incluye ni exime el&nbsp; pago de matr\u00edcula correspondiente a Ense\u00f1anza Media, ni la cuota del Centro de Padres. La Beca asignada estar\u00e1 a disposici\u00f3n de los alumnos(as) y sus familias a partir del a\u00f1o calendario siguiente a su postulaci\u00f3n, siendo concedidas por un a\u00f1o acad\u00e9mico.<\/p>\n\n\n\n<p>Cuando el n\u00famero de alumnos(as) que postulan al beneficio, exceda los recursos que genere el financiamiento legal de las mismas, el establecimiento se reserva el derecho de asignar, a las solicitudes que mejor califiquen de entre aquellas que cumplan con los requisitos o prorratear porcentualmente los recursos existentes, entre el total de beneficiarios.<\/p>\n\n\n\n<p><strong>&nbsp;Art\u00edculo 6\u00ba:<\/strong><\/p>\n\n\n\n<p>Las becas mencionadas en el art\u00edculo 5, son&nbsp; incompatibles entre s\u00ed, por lo que la familia deber\u00e1 postular a su alumno, optando por la que m\u00e1s les convenga.<\/p>\n\n\n\n<p><strong>&nbsp;Art\u00edculo 7\u00ba:<\/strong><\/p>\n\n\n\n<p>El fondo o monto a repartir por el Instituto Pr\u00edncipe de Asturias ser\u00e1 asignado en porcentajes parciales o totales. Estos porcentajes son referenciales, pudiendo aumentar o disminuir seg\u00fan los requerimientos legales y antecedentes planteados en las postulaciones.<\/p>\n\n\n\n<p><strong>Art\u00edculo 8\u00ba:<\/strong>&nbsp;<strong>DE LAS POSTULACIONES A LA BECA REBAJA DE COLEGIATURA POR SITUACI\u00d3N SOCIOECON\u00d3MICA.<\/strong><\/p>\n\n\n\n<p>Todo Apoderado que lo desee, podr\u00e1 postular a la Beca de Financiamiento Compartido de acuerdo a las fechas y los mecanismos de postulaci\u00f3n determinados por la Direcci\u00f3n el Establecimiento durante el segundo semestre de cada a\u00f1o, adjuntando toda la documentaci\u00f3n que acredite su situaci\u00f3n socioecon\u00f3mica.<\/p>\n\n\n\n<p>8.1. La postulaci\u00f3n a \u201cBeca por situaci\u00f3n socioecon\u00f3mica\u201d se realizar\u00e1 a partir de la fecha que indique la \u201cCircular sobre Financiamiento Compartido\u201d enviada a los Padres y \/o Apoderados, antes del 30 de octubre de cada a\u00f1o.<\/p>\n\n\n\n<p>8.2. La documentaci\u00f3n solicitada se entregar\u00e1, en Secretar\u00eda, en conformidad con lo establecido en la \u201cCircular sobre Financiamiento Compartido\u201d y al art. 3.1 del Reglamento de Becas Escolares.<\/p>\n\n\n\n<p>8.3. La claridad y veracidad de los antecedentes correspondientes a la \u201cFicha de Postulaci\u00f3n\u201d y documentaci\u00f3n entregada al Instituto es de exclusiva responsabilidad de los Padres y\/o Apoderados postulantes. La falsificaci\u00f3n de antecedentes o documentaci\u00f3n implicar\u00e1 la marginaci\u00f3n autom\u00e1tica del proceso de postulaci\u00f3n.<\/p>\n\n\n\n<p>8.4. El Profesor Jefe podr\u00e1 proponer nombres de alumnos(as) que seg\u00fan su parecer y de acuerdo con sus antecedentes tendr\u00edan la posibilidad de ser objeto del beneficio de \u201cBeca Escolar\u201d, considerando su condici\u00f3n socioecon\u00f3mica, rendimiento escolar y su participaci\u00f3n destacada en el Instituto.<\/p>\n\n\n\n<p>8.5. La evaluaci\u00f3n de los datos requeridos, se realizar\u00e1 por la Comisi\u00f3n de Becas Escolares.<\/p>\n\n\n\n<p>8.6. El otorgamiento de la \u201cBeca por situaci\u00f3n Socioecon\u00f3mica deficitaria\u201d se har\u00e1 de acuerdo a los estudios realizados de la documentaci\u00f3n entregada.<\/p>\n\n\n\n<p>8.7. La Comisi\u00f3n de Calificaci\u00f3n y Selecci\u00f3n de Becas, notificar\u00e1 por escrito a los Padres y\/o Apoderados la resoluci\u00f3n adoptada y el porcentaje asignado para el pr\u00f3ximo a\u00f1o en su cuota de mensualidad, en el plazo establecido en la \u201cCircular sobre Financiamiento Compartido\u201d, como as\u00ed tambi\u00e9n se proceder\u00e1 a informar por v\u00eda carta a los no beneficiados.<\/p>\n\n\n\n<p><strong>&nbsp;Art\u00edculo 9\u00ba:<\/strong><\/p>\n\n\n\n<p>Se entender\u00e1 por situaci\u00f3n socio-econ\u00f3mica deficitaria pertenecer hasta el tercer quintil de ingresos de acuerdo a la clasificaci\u00f3n socioecon\u00f3mica establecida por el Ministerio de Educaci\u00f3n, lo cual equivale a un ingreso familiar igual o inferior a&nbsp; $140.665 per c\u00e1pita.<\/p>\n\n\n\n<p><strong>Art\u00edculo 10\u00ba:<\/strong><\/p>\n\n\n\n<p>La veracidad de los datos suministrados en el formulario y documentaci\u00f3n adjunta, es de exclusiva responsabilidad de los solicitantes.<\/p>\n\n\n\n<p><strong>&nbsp;Art\u00edculo 11\u00ba:<\/strong><\/p>\n\n\n\n<p>El Instituto Pr\u00edncipe de Asturias solicitar\u00e1 un Informe al (la) Profesor (a) Jefe, sobre el comportamiento y responsabilidad del (la) Apoderado(a) durante el \u00faltimo a\u00f1o incluyendo el 1\u00ba semestre del a\u00f1o en curso.<\/p>\n\n\n\n<p><strong>Art\u00edculo 12\u00ba:<\/strong><\/p>\n\n\n\n<p>El Instituto Pr\u00edncipe de Asturias se reserva el derecho de NO otorgar Becas, a aquellos alumnos que se encuentren con antecedentes graves de inasistencia, comportamiento y disciplina.<\/p>\n\n\n\n<p><strong>&nbsp;Art\u00edculo 13\u00ba:<\/strong><\/p>\n\n\n\n<p>El Instituto Pr\u00edncipe de Asturias se reserva el derecho de verificar todos o algunos de los datos consignados en la Ficha de Postulaci\u00f3n y los adjuntados a \u00e9sta.<\/p>\n\n\n\n<p><strong>&nbsp;Art\u00edculo 14\u00ba: DEL PROCEDIMIENTO DE OTORGAMIENTO DE LAS BECAS<\/strong><\/p>\n\n\n\n<p>Se constituir\u00e1 una Comisi\u00f3n de Calificaci\u00f3n y Selecci\u00f3n de Becas, que estar\u00e1 integrada por tres miembros. Un representante de la Direcci\u00f3n, un representante del Equipo directivo del establecimiento y un representante del \u00c1rea de Administraci\u00f3n.<\/p>\n\n\n\n<p><strong>&nbsp;Art\u00edculo 15\u00ba<\/strong><\/p>\n\n\n\n<p>El atraso en la entrega del formulario de postulaci\u00f3n y dem\u00e1s antecedentes adjuntos, o la presentaci\u00f3n incompleta de \u00e9ste, faculta al Instituto Pr\u00edncipe de Asturias a no considerar dicha postulaci\u00f3n.<\/p>\n\n\n\n<p><strong>Art\u00edculo 16\u00ba:<\/strong><\/p>\n\n\n\n<p>Es atribuci\u00f3n del establecimiento distribuir cualquier beca en parciales, bajo el criterio de la equidad, a fin de favorecer a una mayor cantidad de alumnos.<\/p>\n\n\n\n<p><strong>&nbsp;Art\u00edculo 17\u00ba:<\/strong>&nbsp;<strong>DE LA EXTINCI\u00d3N O P\u00c9RDIDA DE UNA BECA<\/strong><\/p>\n\n\n\n<p>Las causales que originan la p\u00e9rdida de una beca de rebaja de colegiatura ser\u00e1n las siguientes:<\/p>\n\n\n\n<p>&nbsp;&nbsp;&nbsp;&nbsp;&nbsp;&nbsp;&nbsp;&nbsp; 1.&nbsp;&nbsp;&nbsp;&nbsp;&nbsp;&nbsp; &nbsp;&nbsp;&nbsp;&nbsp; Por retiro o cambio de Instituto del alumno(a).<\/p>\n\n\n\n<p>&nbsp;&nbsp;&nbsp;&nbsp;&nbsp;&nbsp;&nbsp;&nbsp; 2.&nbsp;&nbsp;&nbsp;&nbsp;&nbsp;&nbsp; &nbsp;&nbsp;&nbsp;&nbsp; Por renuncia escrita o voluntaria y libremente decidida del apoderado.<\/p>\n\n\n\n<p>&nbsp;&nbsp;&nbsp;&nbsp;&nbsp;&nbsp;&nbsp;&nbsp; 3.&nbsp;&nbsp;&nbsp;&nbsp;&nbsp;&nbsp;&nbsp;&nbsp;&nbsp;&nbsp;&nbsp; Si con posterioridad a su otorgamiento, se comprueban adulteraciones o&nbsp; falsedad en la informaci\u00f3n entregada por el apoderado.<\/p>\n\n\n\n<p>&nbsp;&nbsp;&nbsp;&nbsp;&nbsp;&nbsp;&nbsp;&nbsp; 4.&nbsp;&nbsp;&nbsp;&nbsp;&nbsp;&nbsp; &nbsp;&nbsp;&nbsp;&nbsp; Por no renovaci\u00f3n de Contrato de Prestaci\u00f3n de Servicios Educacionales.<\/p>\n\n\n\n<p>&nbsp;&nbsp;&nbsp;&nbsp;&nbsp;&nbsp;&nbsp;&nbsp; 5.&nbsp;&nbsp;&nbsp;&nbsp;&nbsp;&nbsp; &nbsp;&nbsp;&nbsp;&nbsp; Por no renovaci\u00f3n de Contrato Laboral (beca hijo de funcionario)<\/p>\n\n\n\n<p>&nbsp;&nbsp;&nbsp;&nbsp;&nbsp;&nbsp;&nbsp;&nbsp; 6. &nbsp;&nbsp;&nbsp;&nbsp;&nbsp;&nbsp;&nbsp;&nbsp;&nbsp;&nbsp;&nbsp;Por t\u00e9rmino del a\u00f1o escolar, duraci\u00f3n establecida en la legislaci\u00f3n vigente.<\/p>\n\n\n\n<p>&nbsp;&nbsp;&nbsp;&nbsp;&nbsp;&nbsp;&nbsp;&nbsp; 7.&nbsp;&nbsp;&nbsp;&nbsp;&nbsp;&nbsp;&nbsp;&nbsp;&nbsp;&nbsp;&nbsp; Mejoramiento de la situaci\u00f3n socioecon\u00f3mica del beneficiario detectada por la&nbsp; Comisi\u00f3n de Calificaci\u00f3n y Selecci\u00f3n de becas.<\/p>\n\n\n\n<p>&nbsp;&nbsp;&nbsp;&nbsp;&nbsp;&nbsp;&nbsp;&nbsp; 8.&nbsp;&nbsp;&nbsp;&nbsp;&nbsp;&nbsp;&nbsp;&nbsp;&nbsp;&nbsp;&nbsp; Por atraso sin previo aviso del pago de las cuotas, por espacio de m\u00e1s de tres meses, al \u00e1rea de administraci\u00f3n del Instituto.<\/p>\n\n\n\n<p><strong>&nbsp;Art\u00edculo 18\u00ba:<\/strong><\/p>\n\n\n\n<p>El beneficio de la Beca comprende un a\u00f1o escolar, es decir el a\u00f1o acad\u00e9mico al cual se postula, por lo que deber\u00e1 ser re-postulada para el a\u00f1o siguiente, actualizando los datos y documentaci\u00f3n solicitada.<\/p>\n\n\n\n<p><strong>&nbsp;Art\u00edculo 19\u00ba:<\/strong>&nbsp;<strong>DE LA ACEPTACI\u00d3N Y CONFIRMACI\u00d3N DEL BENEFICIO DE BECA<\/strong><\/p>\n\n\n\n<p>Todas las postulaciones recibidas conforme al procedimiento de postulaci\u00f3n se\u00f1alado, ser\u00e1n vistas y resueltas por la Comisi\u00f3n de Calificaci\u00f3n y Selecci\u00f3n de Becas, a m\u00e1s tardar la segunda quincena de noviembre, debiendo elaborar un listado de las seleccionadas en orden de prioridad y otro listado con las postulaciones rechazadas. En ning\u00fan caso se har\u00e1 p\u00fablica la lista de los beneficiarios, ni se dar\u00e1 a conocer a otra persona que no sea el apoderado.&nbsp; Se cumplir\u00e1 al respecto lo que establece la normativa legal.<\/p>\n\n\n\n<p><strong>&nbsp;Art\u00edculo 20\u00ba:<\/strong><\/p>\n\n\n\n<p>Una vez seleccionados los beneficiarios de una Beca, el Instituto informar\u00e1 por escrito a los apoderados el porcentaje asignado para el a\u00f1o pr\u00f3ximo en su cuota de mensualidad. Tambi\u00e9n se enviar\u00e1 carta a los no beneficiados.<\/p>\n\n\n\n<p><strong>Art\u00edculo&nbsp; 21\u00ba:<\/strong><\/p>\n\n\n\n<p>El\/la apoderado\/a deber\u00e1 confirmar la beca, a trav\u00e9s de la firma del documento que oficializa el beneficio por el Instituto Pr\u00edncipe de Asturias. El no confirmar la aceptaci\u00f3n de la beca, ser\u00e1 causal de p\u00e9rdida del beneficio, el que ser\u00e1 reasignado a otra postulante.<\/p>\n\n\n\n<p><strong>&nbsp;Art\u00edculo 22\u00ba:&nbsp;DE LA APELACI\u00d3N A LA RESPUESTA DE LA POSTULACI\u00d3N<\/strong><\/p>\n\n\n\n<p>Los padres y apoderados, si lo estiman necesario, podr\u00e1n apelar por escrito sobre el resultado de la asignaci\u00f3n de las becas, a trav\u00e9s de una carta dirigida a la Comisi\u00f3n de Calificaci\u00f3n y Selecci\u00f3n de Becas del Instituto Pr\u00edncipe de Asturias, en un plazo no superior a los 5 d\u00edas h\u00e1biles posterior a la fecha de la carta enviada desde el Instituto con los resultados del proceso.<\/p>\n\n\n\n<p>Los Padres y\/o Apoderados, podr\u00e1n renunciar al beneficio otorgado si su situaci\u00f3n socioecon\u00f3mica ha mejorado, dando de este modo la posibilidad a otra familia.<\/p>\n\n\n\n<p><strong>&nbsp;Art\u00edculo&nbsp; 23\u00ba: DEBERES DEL PADRE Y\/O APODERADO BENEFICIADO:<\/strong><\/p>\n\n\n\n<p>24.1. Los Padres y\/o Apoderados deben cumplir con los compromisos contra\u00eddos con el Instituto al momento de la matr\u00edcula que se indican a continuaci\u00f3n:<\/p>\n\n\n\n<p>24.1.1. Respetar todas las disposiciones establecidas en el \u201cReglamento de Convivencia Escolar\u201d.<\/p>\n\n\n\n<p>24.1.2. Asistir a reuniones de curso y\/o citaciones de parte del Instituto (Profesor de Sector, Profesor Jefe, Unidad de Orientaci\u00f3n y Psicolog\u00eda, Unidad T\u00e9cnica Pedag\u00f3gica, Direcci\u00f3n).<\/p>\n\n\n\n<p>24.1.3. Participar y colaborar con las diversas actividades organizadas, tanto por el Instituto como por el Centro General de Padres y Apoderados.<\/p>\n\n\n\n<p>24.1.4. Responder y cancelar los costos de reparaci\u00f3n o reposici\u00f3n de los da\u00f1os ocasionados en equipos, implementos o bienes materiales del Instituto, en los que tenga responsabilidad su pupilo(a) individual o colectivamente.<\/p>\n\n\n\n<p><strong>&nbsp;Art\u00edculo 24: REQUISITOS PARA LA RENOVACI\u00d3N DE LA BECA ESCOLAR:<\/strong><\/p>\n\n\n\n<p>25.1. Mantener la condici\u00f3n que le hizo acreedor a la Beca Escolar.<\/p>\n\n\n\n<p>25.2. Cumplir con las normas establecidas en el Reglamento de Convivencia Escolar.<\/p>\n\n\n\n<p>25.3. Cumplir con los deberes de Padres y\/o Apoderados contra\u00eddos con el Instituto en el Contrato de Prestaci\u00f3n de Servicios Educacionales.<\/p>\n\n\n\n<p>25.4. Encontrarse al d\u00eda con el pago de la escolaridad.<\/p>\n\n\n\n<p><strong>Art\u00edculo 25: OTRAS DISPOSICIONES<\/strong><\/p>\n\n\n\n<p>Ser\u00e1 de exclusiva responsabilidad del apoderado, mantener en reserva la situaci\u00f3n de asignaci\u00f3n de becas. As\u00ed tambi\u00e9n, es deber suyo informar oportunamente al \u00c1rea de Administraci\u00f3n, respecto de cualquier cambio en las condiciones que generaron la postulaci\u00f3n a la beca.<\/p>\n\n\n\n<p><strong>&nbsp;Art\u00edculo 26\u00ba:<\/strong><\/p>\n\n\n\n<p>Se entender\u00e1 como Informe de Personalidad del Alumno\/a, en rango de Bueno o Positivo, aquel que registre sobre un 80% de los conceptos frecuentemente en los indicadores de autoafirmaci\u00f3n personal y val\u00f3rica.&nbsp;<\/p>\n\n\n\n<p><strong>&nbsp;Art\u00edculo 27\u00ba<\/strong>:<\/p>\n\n\n\n<p>Se entender\u00e1 como Perfil del Apoderado, en rango de Bueno, aquel que registre como m\u00e1ximo, 1 inasistencias a reuni\u00f3n o citaci\u00f3n por semestre, debidamente justificada.<\/p>\n\n\n\n<p><strong>&nbsp;VIII.- Inserto aclaratorio respecto de las Becas de Vulnerabilidad Social y Econ\u00f3mica otorgadas por JUNAEB:<\/strong><\/p>\n\n\n\n<p><strong>&nbsp;Art\u00edculo 28\u00ba: INSERTO ACLARATORIO RESPECTO DE LAS BECAS DE VULNERABILIDAD SOCIAL Y ECON\u00d3MICA OTORGADAS POR JUNAEB<\/strong><\/p>\n\n\n\n<p>El Instituto Pr\u00edncipe de Asturias las considera, debido a que se encuentran en convenio SEP.<\/p>\n\n\n\n<p><strong>&nbsp;Art\u00edculo 29\u00ba:<\/strong><\/p>\n\n\n\n<p>No obstante, en el caso de que un alumno(a) tuviese un indicador de vulnerabilidad de JUNAEB, que no correspondiese a la realidad, seg\u00fan la opini\u00f3n y antecedentes de la Comisi\u00f3n de Becas del Instituto Pr\u00edncipe de Asturias, \u00e9sta emitir\u00e1 un Oficio aclaratorio a JUNAEB y al MINEDUC.<\/p>\n\n\n\n<p><strong>Art\u00edculo 30\u00ba: DISPOSICIONES FINALES:<\/strong><\/p>\n\n\n\n<p>&nbsp;&nbsp;&nbsp;&nbsp;&nbsp;&nbsp;&nbsp;&nbsp;&nbsp;&nbsp;&nbsp;&nbsp;&nbsp;&nbsp;&nbsp;&nbsp; Situaciones no contempladas en el presente Reglamento ser\u00e1n resueltas por el Representante Legal.<\/p>\n","protected":false},"excerpt":{"rendered":"<p>INSTITUTO PR\u00cdNCIPE DE ASTURIAS VALDIVIA I.- Consideraciones Generales: Art\u00edculo 1\u00ba:&nbsp;OBJETIVO La fundaci\u00f3n Educacional&nbsp; Pr\u00edncipe de Asturias,&nbsp;es un establecimiento educacional particular subvencionado con financiamiento compartido. Clasificado como establecimiento educacional emergente por el MINEDUC,&nbsp; suscrito al r\u00e9gimen SEP (Subvenci\u00f3n Escolar Preferencial). El <a href=\"https:\/\/www.principedeasturiasvaldivia.cl\/Instituto\/reglamento-interno-de-becas\/\" class=\"read-more\">Leer m\u00e1s&#8230;<\/a><\/p>\n","protected":false},"author":1,"featured_media":0,"parent":0,"menu_order":0,"comment_status":"closed","ping_status":"closed","template":"","meta":{"ngg_post_thumbnail":0,"_expiration-date-status":"","_expiration-date":0,"_expiration-date-type":"","_expiration-date-categories":[],"_expiration-date-options":[],"footnotes":""},"class_list":["post-988","page","type-page","status-publish","hentry"],"_links":{"self":[{"href":"https:\/\/www.principedeasturiasvaldivia.cl\/Instituto\/wp-json\/wp\/v2\/pages\/988","targetHints":{"allow":["GET"]}}],"collection":[{"href":"https:\/\/www.principedeasturiasvaldivia.cl\/Instituto\/wp-json\/wp\/v2\/pages"}],"about":[{"href":"https:\/\/www.principedeasturiasvaldivia.cl\/Instituto\/wp-json\/wp\/v2\/types\/page"}],"author":[{"embeddable":true,"href":"https:\/\/www.principedeasturiasvaldivia.cl\/Instituto\/wp-json\/wp\/v2\/users\/1"}],"replies":[{"embeddable":true,"href":"https:\/\/www.principedeasturiasvaldivia.cl\/Instituto\/wp-json\/wp\/v2\/comments?post=988"}],"version-history":[{"count":1,"href":"https:\/\/www.principedeasturiasvaldivia.cl\/Instituto\/wp-json\/wp\/v2\/pages\/988\/revisions"}],"predecessor-version":[{"id":989,"href":"https:\/\/www.principedeasturiasvaldivia.cl\/Instituto\/wp-json\/wp\/v2\/pages\/988\/revisions\/989"}],"wp:attachment":[{"href":"https:\/\/www.principedeasturiasvaldivia.cl\/Instituto\/wp-json\/wp\/v2\/media?parent=988"}],"curies":[{"name":"wp","href":"https:\/\/api.w.org\/{rel}","templated":true}]}}